(h).
1
Let n be ((-6)/(-4))/(2/4). Let u(x) = -x + 2*x - n + 6. Let r be 1*-15*(0 + 1/3). What is u(r)?
-2
Let g(s) = 3*s**2 + 13*s + 5. Let k(n) = 2*n**2 + 9*n + 3. Let h(d) = 5*g(d) - 8*k(d). Calculate h(-8).
-7
Let n(d) = -d**2 + d - 1. Suppose 2*i = -y + 6*y + 21, 9 = -i - 4*y. Let r be (-6)/(-9) + 1/i. Give n(r).
-1
Let n(f) = 4*f + 6 - 7 - 1 - f**2. Suppose 2*k - 9 = -k. Calculate n(k).
1
Let a(g) = 7*g - 2 - 6*g**2 - 2 + 5*g**2. Let h = -19 + 25. What is a(h)?
2
Suppose -4*h - 5 + 17 = 0. Let b(a) = -a**3 + 4*a**2 - 3*a - 4. Give b(h).
-4
Let p = -7 + 1. Let z(n) = n**2 + 7*n. Determine z(p).
-6
Let i(d) = d**3 + d**2 + d. Let l(s) = s**3 + 5*s**2 + 4*s + 1. Let b(r) = -5*i(r) + l(r). Let f = 4 - 2. Let j be 16/12 - f/6. Give b(j).
-4
Suppose 3 = -3*z + 9. Let h(x) = 2 + 0*x + z*x - 1. Calculate h(2).
5
Let t(g) = g. Let o(w) = 3*w - 4. Let x be o(3). Determine t(x).
5
Let f = -5 + -1. Let b(g) = -g**2 - 4*g + 6. Calculate b(f).
-6
Let y be -3*2*(-2)/(-6) + 0. Let s(f) be the second derivative of -1/2*f**3 - f**2 + 0 - f. What is s(y)?
4
Let t be 3/(-9) - (-14)/6. Let h(r) = -3*r**2 + 5 - 2*r**t - r + 4*r**2. Let u(f) = -f**3 + 4*f**2 + 4*f + 5. Let m be u(5). Calculate h(m).
5
Let l(q) = 4*q - 1. Let t = -3 - -5. Let k = t - 3. Calculate l(k).
-5
Let p be (-4)/10 + (-54)/(-10). Let t(m) = -m + 7. Let o(h) = 3*h - 13. Let f(b) = -b - 1. Let k(j) = -f(j) - o(j). Let z(n) = 3*k(n) - 5*t(n). Calculate z(p).
2
Let q(b) be the third derivative of 1/6*b**4 - 1/60*b**5 - 2/3*b**3 + 0 + 0*b - b**2. Give q(3).
-1
Let t(p) be the first derivative of p**6/360 - p**5/120 - 5*p**4/12 + p**3/3 - 3. Let g(d) be the third derivative of t(d). Let v = 2 + -2. Calculate g(v).
-10
Let z be (0 - 0)/(0 - -1). Suppose 0 = -z*k - 5*k + 10. Let f(r) = -5*r**3 - r**2 + 2*r**2 + 8*r**3 + 2 - 4*r**3 - r. What is f(k)?
-4
Let c(b) = b**2 - 5*b - 3. Let u(g) = g**2 - 6*g - 4. Let r be u(6). Let z be (-105)/(-7)*r/(-10). Determine c(z).
3
Let r(h) = -10*h + 20*h - 9*h - 8. Give r(7).
-1
Let z(w) be the second derivative of -w**4/6 - 3*w**2/2 + 3*w. Let s(n) be the first derivative of z(n). Let b = 0 - 1. Give s(b).
4
Suppose 0 = 2*q + 3*q. Suppose f - 3*f - 8 = q. Let k(v) = 8*v**3 + 4*v**2 + 5. Let c(y) = -7*y**3 - 4*y**2 - 4. Let z(j) = 7*c(j) + 6*k(j). Calculate z(f).
2
Let t(f) = -3*f**2 - 3*f - 4*f**2 + 3*f**2 - 3 + 2*f**2. Let w(b) = -b. Let l be w(2). Give t(l).
-5
Suppose -3*b + 28 = 2*j, 4*b - 12 = 2*b - 3*j. Suppose y + 2 = -u - y, 0 = -4*y - b. Let q(a) = a**3 - 4*a**2. What is q(u)?
0
Let b(i) = -3*i + 15. Let d be b(4). Let k(g) be the third derivative of -1/12*g**4 + 0*g - 1/120*g**6 - d*g**2 + 0 + 1/15*g**5 - 1/6*g**3. Give k(2).
3
Let z(w) = -2*w**2 - 2*w. Let a(i) = -1. Let l(x) = -a(x) - z(x). Give l(-2).
5
Let p be ((-6)/4)/((-3)/6). Let o(w) = w**2 + 2*w - 3. Give o(p).
12
Let s(m) = -1 - 3 + m - 1. Suppose k = -4*k + 35. Suppose 0 = -k*v + 4*v. Give s(v).
-5
Let t(n) = -2 + n + 6 - 4. Let o(k) = k**2 - 6*k + 4. Let c be o(5). Calculate t(c).
-1
Let h(n) be the third derivative of n**5/60 - n**4/24 + n**3/3 + 27*n**2. Determine h(2).
4
Let n(l) = -l - 5 - 2*l + 2*l. Suppose k + 60 = 6*k. Let u = -17 + k. What is n(u)?
0
Let h(b) = -b**2 + 4*b - 1. Suppose 146 = 3*z + z + 3*q, 2*q + 171 = 5*z. Let t be (z/14)/((-2)/(-4)). What is h(t)?
-6
Let q(v) be the first derivative of 7*v**3/3 + v**2/2 + 1. Determine q(-1).
6
Let u(d) = -d**3 + d**2 + d - 6. Let n be u(0). Let m(h) = 7*h**2 + 3*h + 1. Let c(b) = 8*b**2 + 4*b + 1. Let j(f) = n*c(f) + 7*m(f). What is j(5)?
11
Let s(k) = k**3 - 5*k**2 - 4*k - 5. Let b(d) = -2*d**3 + 10*d**2 + 7*d + 9. Let w(r) = -4*b(r) - 7*s(r). Give w(5).
-1
Let c(t) = t - 4. Let s be c(6). Suppose 2*u + s*u = 20. Let h(b) = 4*b - 4*b + b**2 - 6*b. What is h(u)?
-5
Let n(m) be the first derivative of -m**2/2 - 4*m - 6. Give n(6).
-10
Let a(q) = 4*q**2 - 10*q**2 + 1 + 5*q**2. Calculate a(-2).
-3
Let x = 2 - 1. Let y(f) = f**2 + 4*f + 3. Let q be y(-4). Let i(o) = 1 + 2*o - o - q*o - 2*o. Calculate i(x).
-3
Suppose 0 = 4*o - 7 - 5. Let m(c) = 5 + 1 - 2 - 1 - 4*c. Give m(o).
-9
Let w(m) be the first derivative of -m**4/4 + m**3 + m**2/2 + 5*m - 1. Let z = 42 - 38. Give w(z).
-7
Let v(m) = m**2 + 7*m + 2. Let y be v(-5). Let o(b) = -b**2 - 7*b. Let t(i) = -3*i**2 - 21*i. Let q(p) = y*o(p) + 3*t(p). Determine q(-4).
12
Let b(k) = k + 1. Let h(w) = w**2 + 4*w - 13. Let d be h(-6). What is b(d)?
0
Let r(h) = 0 + 0*h**3 + h + 1 - 3*h**3 - 4*h**2 + 4*h**3. Suppose -5*p - 4 = 6. Let o be 6/(((-15)/p)/5). What is r(o)?
5
Suppose 0 = -o - 2*w, 1 = 2*o + o + 5*w. Let a(q) = o*q - 3*q**2 + 4*q**2 + 6*q - 2 - 4*q. Let b be (-2)/(3*(-2)/(-15)). Determine a(b).
3
Let o(h) be the first derivative of h**3/3 - 3*h**2/2 - 2*h - 6. Let y(p) = p**3 + 4*p**2 + 4*p + 2. Let m be y(-2). Suppose -3*l = m*l - 10. Determine o(l).
-4
Let z = 0 + 4. Let p(c) be the first derivative of -c**4/4 + 4*c**3/3 + c**2/2 - c - 11. Give p(z).
3
Let q(v) = -v**2 + 7*v - 1. Suppose -3*g - 27 = -5*n, 0 = 3*n + n - 3*g - 21. Determine q(n).
5
Let q(n) = -3*n - 6. Let i(p) = p**2 + 3*p - 2. Let o be i(-2). Calculate q(o).
6
Let s(o) be the first derivative of o**4/4 + 7*o**3/3 + 5*o**2/2 - o + 6. Give s(-6).
5
Suppose n = -3*n + 4*c, -3*n = -2*c - 4. Let k(w) = n*w + 0*w**2 - w**2 - 4*w. Give k(0).
0
Let l(d) = -62*d - 4 + 62*d + d**2. Determine l(-3).
5
Let g(s) = -s**2 - 5*s - 2. Suppose -4*b = -5 - 7. Suppose m + b*m = z + 2, -2 = -2*m + z. Let q be (-2)/((-4)/(-6) - m). Determine g(q).
4
Let h(a) = -6*a**2 + 4*a + 1. Let r(f) = -17*f**2 + 12*f + 2. Let z(s) = -11*h(s) + 4*r(s). Let p = 5 - 3. Calculate z(p).
-3
Let u be ((-5)/(-4))/(3/(-12)). Let x(o) = -o - 6. Let a(k) = 6 + 2*k + 4*k - 5*k. Let v(l) = 3*a(l) + 4*x(l). Determine v(u).
-1
Let r = -6 - -8. Let b(n) be the third derivative of n**5/30 + n**4/24 + n**2. Calculate b(r).
10
Let d(t) = 3*t - 8. Let s(p) = 3*p + 3. Let o be s(1). Determine d(o).
10
Let l(a) = 5*a. Let i be l(-1). Let h(u) = 7*u**2 + 7*u. Let j(z) = -4*z**2 - 4*z. Let o(n) = i*j(n) - 3*h(n). What is o(-2)?
-2
Let i(v) = 115*v**2 + v**3 + 1 - 2 + v - 116*v**2. Calculate i(1).
0
Let k(z) = z - 12. Suppose -2*o - 20 = -6*o. What is k(o)?
-7
Let l(k) = k + 6. Suppose -3*q - 10 = -w - 0*w, 4*w = q - 15. Give l(w).
1
Let l = 1 + 5. Suppose l*r - 3*r - 4 = -2*j, -j + 3 = r. Let y(s) = s**3 - 6*s**2 + 3*s - 1. Calculate y(j).
-11
Suppose 0 = -4*q - 0*q. Let b(j) = -13*j**3 + 18*j**2 - 5*j. Let g(m) = 2*m**3 - 3*m**2 + m - 1. Let o(w) = -b(w) - 6*g(w). Give o(q).
6
Let m(d) = -3*d**3 + d**2 - d - 1. Let v = 7 - 7. Let h = v + 1. Let f be (-9)/6 + h/2. Determine m(f).
4
Suppose 0*c + 3*c = 0. Let r(p) = -1 + 6*p + p**2 - p + c*p. Suppose -19*w + 30 = -24*w. Calculate r(w).
5
Let x(m) = m - 4 + 3 - 1 - 2*m**2 - 2*m - m**3. Determine x(-2).
0
Let y(a) = -a - 2. Let g be (-102)/15 + (-6)/30. Determine y(g).
5
Let b(f) = -f**2 + 1. Let r be (2 + (0 - 4))*-1. Give b(r).
-3
Let y be (1*(-3 - -3))/(2 - 3). Let o(v) = v**2 + v. Give o(y).
0
Let a(l) = -7*l + 7*l**2 + l**3 - l**3 - l**3 + 0*l**2 - 2. Calculate a(6).
-8
Let c(i) be the third derivative of -i**6/360 - i**5/30 - 5*i**4/24 - i**3/2 - i**2. Let j(d) be the first derivative of c(d). Give j(-4).
-5
Let k(f) = -11*f**3 - f - 1. Let u be k(-1). Let j = 7 - u. Let w(b) = b**2 + 6*b + 6. Determine w(j).
-2
Let z(k) be the second derivative of k**3/3 - 3*k**2 + k. Suppose -n = -3 - 0. Suppose 0*f - n*f + 12 = 0. Calculate z(f).
2
Let q(a) be the first derivative of 2*a**2 - 3*a + 13. Calculate q(4).
13
Let a = 6 + -8. Let t(y) = -3*y - 1. Let s(d) = -6*d - 2. Let j(h) = -3*s(h) + 5*t(h). Determine j(a).
-5
Let j(y) = -3*y**2 + 5*y - 2. Let r(s) = 4*s**2 - 6*s + 3. Let p(z) = -5*j(z) - 4*r(z). What is p(0)?
-2
Let p(k) = 2 + 2*k**2 + 0*k**2 + 0*k**2 - k**2. What is p(-2)?
6
Let d(o) = -3*o + 6. Let r(b) = b + 2. Let f be r(0). Suppose f*j = -0*j + 10. Calculate d(j).
-9
Let u(d) = 4*d**2 + 2*d - 1. Let p be -22 + 8 - 2/(-2). Let i = -12 - p. What is u(i)?
5
Let f(v) = -v**3 - 6*v**2 + 2*v + 6. Suppose -39 + 9 = 5*z. Calculate f(z).
-6
Let m = 16 - 9. Suppose -2*v - 8 = 4*w + 2*v, 2*v + m = -3*w. Let s = 6 + w. Let a(u) = 2*u - 1. Give a(s).
5
Let q(d) = -3*d**2 + 1. Let o be 27/(-5) - (-8)/20. Let f be 